 of 5*p**4/12 - p**3/6 - p**2/2 - p. What are the prime factors of b(-1)?
5
List the prime factors of -5*(-2)/15*108.
2, 3
Let a = -141 - -387. What are the prime factors of a?
2, 3, 41
Suppose 4*a - 2*u - 421 = -u, 4*a + u - 419 = 0. Suppose -5*w = -5*k - a, -4*k = 4*w - 0*k - 124. Let n = w - 15. What are the prime factors of n?
11
Let n(w) = -7*w + 1. Let s be n(-3). Let c = s - 11. List the prime factors of c.
11
Let j(f) = 0*f - 6*f - 14 + 3*f. Let k be j(-10). Let t = k + -10. List the prime factors of t.
2, 3
Let l be -1 - ((-3 - -2) + -9). Suppose 0 = -6*p + l*p - 153. What are the prime factors of p?
3, 17
Let y be (0 - 52)*(-2)/8. Suppose -5 - y = -2*f. List the prime factors of f.
3
Let o(i) = -9*i - 4. Let h(b) = -17*b - 7. Let z(d) = -3*h(d) + 5*o(d). Suppose -18 + 6 = -4*u. List the prime factors of z(u).
19
Let k = -3 - -2. Let f be 1*(-2)/(k + 0). Suppose 5*p + 48 + 52 = 5*x, 5*x + f*p = 100. List the prime factors of x.
2, 5
Let l(x) be the first derivative of -x**4/4 + 8*x**3/3 - 5*x**2 + 10*x - 4. Let q be l(7). Let g = q + 15. List the prime factors of g.
2
Let n = 10 - 4. Let y = -51 + 65. Let g = y - n. What are the prime factors of g?
2
Let u = -105 - -167. Let m = -42 + u. What are the prime factors of m?
2, 5
Let u be (-3)/12 + (-45)/12. List the prime factors of (-145)/u - (-15)/20.
37
Let h = 236 + -151. What are the prime factors of h?
5, 17
Suppose 0 = -b + 6*b - 20. Suppose 16 = b*t - 24. What are the prime factors of t?
2, 5
Let x be (-1 - 2)/(9/(-384)). Let w be x/(-9) + 10/45. Let z = 21 + w. List the prime factors of z.
7
Let m = -14 + 36. Suppose -13 = 2*t - 3*t. Let l = m - t. List the prime factors of l.
3
Let z be (-266)/(-18) + (-12)/(-54). Let h be ((-5)/z)/(1/3). List the prime factors of (21/(-6))/(h/2).
7
Let j be 264/18 + (-1)/(-3). Let w = j + -9. List the prime factors of w.
2, 3
Suppose -12*h + 3*h = -333. List the prime factors of h.
37
List the prime factors of (406/(-87))/(4/(-18)).
3, 7
Suppose 2*p = 5*p. Suppose 0*k + 4*r = 3*k - 24, k - 4*r - 8 = p. What are the prime factors of k?
2
List the prime factors of ((-3)/9)/(2/(-12)).
2
Suppose 0 = 2*z - z + 47. Let n = z - -115. Suppose 3*y + y = n. What are the prime factors of y?
17
Let h be (0 - 1)*(-1 - 0). Let x = 1 + h. What are the prime factors of x?
2
Let r(n) = n**2 - 1. Let a = 11 + -9. What are the prime factors of r(a)?
3
Let k = -44 - -67. What are the prime factors of k?
23
Let z be (1 + -2)*-2 + 2. Suppose -5*y + z*u = -32 - 20, 0 = 2*y + u - 13. List the prime factors of y.
2
Suppose -1 = -h + 4. Suppose -3*f = f + 3*k - 57, h*f - 5*k = 45. Suppose 5 = -0*l - l + 3*o, f = 3*o. What are the prime factors of l?
7
Let y be 86/18 - 4/(-18). Suppose -l = 2 - 9. Let g = l - y. List the prime factors of g.
2
Let r(p) = -p**2 + 7*p - 9. Let i be r(6). What are the prime factors of -14*(-3 + 6)/i?
2, 7
Let u(p) = p - 6 - 8 + 3. Let d(c) = 1. Let y(o) = 4*d(o) + u(o). What are the prime factors of y(11)?
2
Let u(y) = 7*y**2 + 6*y - 16. What are the prime factors of u(-4)?
2, 3
Suppose -3*k + 0*k = -24. Let j(p) = 9*p**2 - 6*p + 3*p**3 - 4*p**3 - 2*p + 4. List the prime factors of j(k).
2
Let f be -6 + 2 - 8/(-2). Suppose f = l - 3 - 10. What are the prime factors of l?
13
Let d(x) = -x**2 - 4*x + 1. Let m be -4 + (1 - -1 - 3). Let a be d(m). Let f = 8 + a. List the prime factors of f.
2
Suppose -5*v + 0*s + 32 = s, v - 2*s = 13. List the prime factors of v.
7
Let z = 1 + 0. Let a be 2/(-3)*(-70 + z). Let s = 65 - a. What are the prime factors of s?
19
Let t(g) = g**3 + 6*g**2 + g + 8. Let l be t(-6). Let a = l + 1. Suppose -a*x = -8*x + 15. What are the prime factors of x?
3
Suppose -5*q - 10 = 0, q + 34 = 4*z - 0*z. List the prime factors of 4/(z/21)*2.
3, 7
Suppose -2*c = -6*c + 160. List the prime factors of c.
2, 5
What are the prime factors of (1/((-3)/177))/(-5)*5?
59
List the prime factors of 1/(-4) - (-1053)/36.
29
Suppose -m + o = -2*m + 2, -5*m + 3*o + 10 = 0. Suppose -3*u = -3*l - 0 + 3, -m*u + 3*l - 4 = 0. Suppose -2*x + u = -9. What are the prime factors of x?
5
Let q be (-6)/4*(-2 - -4). Let t(p) = -p**3 + p**2 + 3*p. Let a be t(q). Suppose 5*c = 87 - a. List the prime factors of c.
2, 3
Let z = 7 - 13. What are the prime factors of -33*(32/z)/4?
2, 11
Let g(c) = -3*c - 2*c**2 - 9*c + 3*c + c**2 - 5. What are the prime factors of g(-7)?
3
Let f(u) be the second derivative of -u**5/2 + u**4/12 + u**3/6 + u**2/2 + 8*u. List the prime factors of f(-1).
11
Let w(a) be the third derivative of -4*a**2 + 1/6*a**3 + 0 + 0*a - 1/60*a**5 + 1/8*a**4. What are the prime factors of w(2)?
3
Suppose -2*w + 46 = 2*p - 7*w, -2*p = -4*w - 44. Suppose 0 = r + 2*r + p. Let d(z) = z**2 + 5*z + 4. List the prime factors of d(r).
2, 5
Let z = 24 + -7. What are the prime factors of z?
17
Suppose -26 = -4*m + 2*k, 8 = -4*m + k + 31. Suppose 0 = m*y - 3*o + 3 - 53, 2*y - 5*o = 39. Suppose -d + y = -0*d. What are the prime factors of d?
7
Let o(q) = -q - 1. Let x be o(-5). Let i be -1 - (x - -1)/(-1). Suppose -19 = 2*v - 5*g, i*v + 9 + 4 = 5*g. List the prime factors of v.
3
Suppose 5*c - 112 = c. Let o = c + -19. What are the prime factors of o?
3
Let t(v) = -6*v - v**2 - 10 - 3*v - v. Let h be (21/(-6))/((-1)/(-2)). What are the prime factors of t(h)?
11
Let u = 884 - 536. List the prime factors of u.
2, 3, 29
Suppose -7*x = -8*x. Let l = x - -2. List the prime factors of l.
2
Suppose -f - 4*f = 280. Let h = -35 - f. What are the prime factors of h?
3, 7
List the prime factors of 4/(-10) + 561/15.
37
Let z(k) = 8*k + 4. Let w be z(3). Suppose -w - 9 = -l. Let c = -25 + l. List the prime factors of c.
2, 3
List the prime factors of (11/22)/((-2)/(-788)).
197
Let r(l) = 19*l**2 - 1. Let h be r(-1). Suppose -5*x + 117 = -h. List the prime factors of x.
3
List the prime factors of (-64)/48 - 256/(-3).
2, 3, 7
Let t(f) = -f - 12. Let m be t(-6). Let p be 0 + 0 - 18/2. Let l = m - p. What are the prime factors of l?
3
Let d(h) = 65*h**2 + h + 3. What are the prime factors of d(-2)?
3, 29
Let h = -362 - -787. List the prime factors of h.
5, 17
Suppose -1 = s - 3. Suppose 3*u - 72 = r - 6*r, -s*u = 2*r - 48. List the prime factors of u.
2, 3
Let o(k) = -k**2 - 8*k + 2. Let x be o(-8). Suppose 5*r - 5 = 5*d - 30, -4*r + 34 = x*d. What are the prime factors of d?
3
Let s be (-1)/(2/6*-1). Suppose s*w = -4*w + 182. List the prime factors of w.
2, 13
Let k(i) = -6*i - 3. Let b be -6 + (-3 - -1) + 3. What are the prime factors of k(b)?
3
Let i(f) = 4*f + 1 + f - 2*f. Let q be i(-2). Let o(b) = -3*b - 5. What are the prime factors of o(q)?
2, 5
Suppose 3*x - 30 = -4*v + 19, 15 = 5*x. Let h = 0 + 4. Suppose -3*t + 4 = h*q, -3*q = -t - 0*t + v. List the prime factors of t.
2
Suppose 2*i + 18 = -4*u, -3*i - 5*u = -4*i - 30. What are the prime factors of 21/2*(-10)/i?
7
Let r(c) = -5*c - 7. Let p(x) = -3*x - 4. Let s(v) = 7*p(v) - 4*r(v). Let b be s(-2). Let q = 9 - b. What are the prime factors of q?
7
Let m(b) = -b**2 - 2*b. Let d be m(-5). Let x = -11 - d. Suppose 24 = -0*h + x*h. What are the prime factors of h?
2, 3
Let n(o) = -15*o**3 - o**2 - 2*o - 2. What are the prime factors of n(-2)?
2, 59
Let a = -3 - -4. Suppose 0 = -3*w - l + 41, -l + a - 2 = 0. List the prime factors of w.
2, 7
Let t = 7 + 0. Let c be t/3 + 5/(-15). List the prime factors of c/8 + 35/4.
3
Let d = -7 + 13. Let s(f) = -f**2 + 7*f - 5 + 0 + 1 + 0. List the prime factors of s(d).
2
Let w(k) = 43*k**2 + k - 1. Let v be w(1). Suppose 0 = -5*m + t + 46, 2*t + 5 = -3*m + v. List the prime factors of m.
2, 5
Suppose 3*i - 45 = -3*w, 2*i - 48 = -3*w - 0*w. Suppose 0 = -x + w - 68. What are the prime factors of 1*6*x/(-15)?
2, 5
List the prime factors of -1 + 6 + -2 + -1.
2
Let p = 14 - 9. Suppose -p*j = -3*j - 22. List the prime factors of j.
11
Suppose -3*a - 2*a = 4*w - 167, 9 = 3*a. List the prime factors of w.
2, 19
Suppose 4*z = -5*q + 52 + 171, 0 = -z - 4*q + 42. List the prime factors of z.
2, 31
Suppose 3*l + 0*l = -2*j - 15, -l - j - 6 = 0. Suppose -3*s + 6*s - 39 = 0. Let x = s + l. List the prime factors of x.
2, 5
Suppose 111 = 2*f + 3*c, -2*c = -2*f - 2*f + 182. List the prime factors of f.
2, 3
Let l = 0 - 7. Let r = 3 - l. What are the prime factors of (r/(-3))/(4/(-6))?
5
Let